*z(b). Suppose 0 = -6*p + p + 15. What are the prime factors of a(p)?
2, 11
What are the prime factors of (1*17308/12)/(41/369)?
3, 4327
Suppose -27*p + 37*p + 12280 = 0. Let d = -700 - p. What are the prime factors of d?
2, 3, 11
Suppose -o = 3*z - 12953, 5*o - 331*z - 64855 = -328*z. List the prime factors of o.
2, 1621
Let l be 2 - (-1 - -3 - -2) - -14. Suppose 0 = -l*x - 214 + 34. Let i(a) = a**2 + 10*a - 16. List the prime factors of i(x).
59
Suppose -5*q - 370 = -10*q. Let c = q - 9. Let a = c - -31. What are the prime factors of a?
2, 3
Let y be 0/(((-1)/2)/(1/6)). Suppose q - 18 = -3*v, -v - 4*q = -y*q - 17. Suppose 0*i + 55 = v*i. List the prime factors of i.
11
Suppose 217*d - 229*d = -87216. What are the prime factors of d?
2, 23, 79
Let i(x) = -2*x**3 + 32*x**2 + 18*x - 5. Let z = 54 + -38. What are the prime factors of i(z)?
283
Let j be 5*(-2)/((-10)/3) + 6. Let w be (7/7)/(2 - j/5). Suppose -4*d - 83 = -w*d. List the prime factors of d.
83
Let y be 1/((-3)/(-15)*15/804). Let i = y + 275. List the prime factors of i.
3, 181
Let y(o) = 1. Let n(v) = v + 5. Let r(z) = n(z) + 5*y(z). Let k be r(-6). Suppose -2*l + 54 = 4*q, -k*l - 6 = 3*q - 49. List the prime factors of q.
13
Suppose -3*g + 1264 = 13*g. Let t = g - 54. List the prime factors of t.
5
Let y(j) = -j**2 + 3*j - 8. Let w be y(4). Let m(q) = -q**2 - 14*q - 36. Let a be m(w). What are the prime factors of (-510)/(-4) - a/(-8)?
2, 3, 7
Let i = -27631 + 40956. What are the prime factors of i?
5, 13, 41
Suppose -769*m - 12 = -767*m, 6*x - 3*m - 336426 = 0. What are the prime factors of x?
2, 107, 131
Let w(g) = 7*g + 83. Let i be w(-10). Suppose k + i - 18 = 0, -4*k - 37 = -j. What are the prime factors of j?
3, 19
Let v be 9/15*(4 - -1). Suppose 0*l - 5*l + 708 = 4*u, v*l = -4*u + 420. What are the prime factors of l?
2, 3
Suppose 338080 = 610*i - 578*i. List the prime factors of i.
5, 2113
Suppose k - 1061*r + 1062*r = 44178, k + 5*r = 44166. List the prime factors of k.
3, 4909
Let s(a) = a**2 - 2*a. Let q be 1/6*4 + 170/51. Let u be s(q). List the prime factors of 131 + (126/(-72) - 2/u).
3, 43
Suppose 139*y = 135*y + 3*l + 42129, 42114 = 4*y + 2*l. What are the prime factors of y?
2, 3, 5, 13
Let c(u) be the third derivative of 19*u**4/6 - 10*u**3/3 + 9*u**2. Let t be c(6). Suppose -5*v + t = -24. What are the prime factors of v?
2, 23
Suppose -36*b = -97964 - 79912. List the prime factors of b.
3, 61
Suppose -n + 245 = 3*l - 2852, -3*l - 9 = 0. What are the prime factors of n?
2, 1553
Suppose -2*f - 3*f + 6640 = j, 4*f = 5*j + 5341. What are the prime factors of 75/(-100) + f/12?
2, 5, 11
Let h(i) = 124*i**3 + 4*i - 15*i**3 - i**2 - 5*i**3 - 2*i. Let v = 1 - 0. List the prime factors of h(v).
3, 5, 7
Suppose 0 = k + 4*c + 9, 4*k + 4*c - 5*c - 15 = 0. Suppose -439 = -k*g + 434. What are the prime factors of g?
3, 97
Suppose -3*n + 66*n - 228271 = 4*n. What are the prime factors of n?
53, 73
Suppose 49*w + w + 40259 - 314559 = 0. What are the prime factors of w?
2, 13, 211
Let h be (-170)/(-15)*75/10. Suppose 0 = -92*r + h*r + 6265. List the prime factors of r.
5, 179
Suppose 0*f + 4*p = 2*f + 50, 2*f - 3*p = -50. Let n be f + (2 + -4)*9/6. Let l = n + 56. List the prime factors of l.
2, 7
What are the prime factors of (3 + (-1272)/36)*-15?
5, 97
Let y = -598 - 794. Let i = 2338 + y. What are the prime factors of i?
2, 11, 43
What are the prime factors of 5/(15/13474) + (-10)/30?
3, 499
Let m = -2367 - -4071. List the prime factors of m.
2, 3, 71
Let l be (0 - -2)*(-10)/(-4). Suppose -20400 = -l*u - 5*u. Suppose -14*g + u = g. What are the prime factors of g?
2, 17
Suppose 0 = 4*f - 4*p - 3400, -4*p - 2181 = -2*f - 491. Let z = -370 + f. List the prime factors of z.
5, 97
Let v be 16 + (2/5 - (-60)/(-25)). Suppose -o + 28 = -4*s, 4*s + o - v + 34 = 0. What are the prime factors of ((-6735)/(-9))/5 + s/(-18)?
2, 3, 5
Suppose -2*k = 2*c - 4, 3*k - 1 = 5. Suppose g + 8 = -2*o - c*g, -2*g = 0. What are the prime factors of (260/(-16))/(1/o)?
5, 13
Suppose 4 = 4*o - 4. Suppose 5*f + 4*s - 25 = 0, -f - o*s + 4*s - 9 = 0. List the prime factors of -201*f/(-6)*4.
2, 67
What are the prime factors of (-1448900)/(-500) - 6/(-5)?
13, 223
Let q = -23847 - -33779. What are the prime factors of q?
2, 13, 191
Let l = -1080 - -300. Let x = -261 - l. List the prime factors of x.
3, 173
Let x(p) = -682 + 695 - 4720*p + 4828*p. Let h be -1 - 1*-3*1. List the prime factors of x(h).
229
Suppose -3*y - 3*t + 148599 = 0, -2*y - t + 99061 = 2*t. What are the prime factors of y?
2, 17, 31, 47
Let g be ((-3)/9)/((-1)/18). What are the prime factors of (g + -12)*((-90)/4 - 3)?
3, 17
Let h = -63 - -60. Let g(j) = -5*j**3 - 3*j + 4. Let n be g(h). Suppose -5*z + n = s, -4*s - z + 528 = 3*z. List the prime factors of s.
2
Let s(z) = 2*z**2 + 21*z - 740. List the prime factors of s(48).
2, 23, 53
Suppose -48397 - 29173 = -5*w. What are the prime factors of w?
2, 7757
Suppose -2*m + 3*f + 360 = m, -m = 2*f - 111. Let t = m - -105. Let v = t + -34. What are the prime factors of v?
2, 47
Let t be (-2902)/11 + -7 + 525/77. Let q = t + 679. List the prime factors of q.
5, 83
Let d(h) = -h**3 + 4*h**2 + 106*h + 48356. What are the prime factors of d(0)?
2, 7, 11, 157
Let n(p) = 460*p - 4601. List the prime factors of n(20).
3, 7, 73
Let j = -325 + 466. Suppose a = -i - j - 147, 591 = -2*i + a. Let s = -182 - i. What are the prime factors of s?
3, 37
Let l = -986 - -627. Let d = -33 - l. List the prime factors of d.
2, 163
Let p = -63333 + 138665. What are the prime factors of p?
2, 37, 509
Suppose 3*h = -h + 12. Let k(v) = -v**3 + 6*v**2 - 5*v + 27. Let a be k(6). List the prime factors of (h/12*-6)/(a/258).
3, 43
What are the prime factors of 4/62 - (-26175534)/4774?
5483
Let j be 14 + -13 - ((-2)/1 - 0). Suppose 0 = -3*a + z + 1521, -j*a + 4*z + 1533 = -z. What are the prime factors of a?
2, 11, 23
Let a = -31 - -6. Let y = 6187 - 6002. Let v = a + y. What are the prime factors of v?
2, 5
Let r = 16200 + -8691. List the prime factors of r.
3, 2503
Let l be (-2 - (-5 + 5))*73/(-2). Suppose l*i - 72*i - 647 = 0. List the prime factors of i.
647
Let n(x) = -4*x**3 - 6*x**2 + 15*x + 14. Let w be (-4)/1 - (-34)/(-34). List the prime factors of n(w).
17
Let z(o) = -9*o + 332. Let a be z(7). Suppose -254*x = -a*x + 15375. What are the prime factors of x?
5, 41
Let h(g) = 7*g**2 + 9*g - 19. Let n be h(2). Let k(p) = p**3 - 26*p**2 - 22*p - 34. What are the prime factors of k(n)?
101
Let n(q) = -8*q + 68. Let z be n(7). Let l(a) = 6*a - 5. What are the prime factors of l(z)?
67
Let c = -55 - 248. Let q = c - -429. List the prime factors of 21/q - (-274)/12.
23
Suppose -16*k = -4869 + 15909. Let t = -298 - k. List the prime factors of t.
2, 7
Suppose -3*n - 11 = -2*t - 39, -4*n - 5*t = -22. Let j be (n*1482/(-12))/(-2). Suppose 4*l - h - j = 2*l, -4*l + 980 = 2*h. List the prime factors of l.
2, 3, 41
Suppose 0 = 43*i - 114252 - 48374. List the prime factors of i.
2, 31, 61
What are the prime factors of (6 - 8 - 4)*((-64332)/8)/3?
3, 1787
Let h(o) = o**2 + 16*o - 9. Let m be h(20). Let a = 1203 - m. What are the prime factors of a?
2, 3, 41
Let u = -3917 - -7031. Let g = -1860 + u. List the prime factors of g.
2, 3, 11, 19
Let c = -222 - -633. Suppose 13*i - 10*i = c. List the prime factors of i.
137
Let b(i) = i**2 - 10*i + 29. Let z be b(6). Suppose -3*u + 509 = -g - 0*g, z*g = -u + 143. List the prime factors of u.
2, 3, 7
Let j be (68/(-6) - -2)*-3. Let i(v) = v**3 - 26*v**2 - 15*v - 260. List the prime factors of i(j).
2, 3, 37
Suppose -12*f + 19434 = -183690. List the prime factors of f.
16927
Let k(h) = 13*h**2 + 226*h - 1142. Let r be k(5). Suppose -661 - 426 = -o. Suppose -5*d = -q - 113 + r, 5*q = -4*d + o. List the prime factors of q.
5, 43
Let p be (28 + -27)/((-2)/(-14)). Suppose -446 + 1265 = p*z. List the prime factors of z.
3, 13
Let l(g) = -79*g + 2. Let d be l(-2). Suppose v + d = 11*v. Suppose v*i - 330 = 5*i. What are the prime factors of i?
2, 3, 5
Suppose 4*y + 46312 = 4*w, 12*w - 57890 = 7*w + y. What are the prime factors of w?
2, 7, 827
Let n(o) = -6*o - 101. Let j(a) = 11*a + 197. Let x(f) = 4*j(f) + 7*n(f). Let k be 0/(2/(6/3)). What are the prime factors of x(k)?
3
Let n = 14424 + -14